the prime factors of n?
71
Let d(v) = 115*v**2 - 34*v - 32. What are the prime factors of d(6)?
2, 61
Let z be (-50 - -14)*6/8. Let p = z - -162. Suppose 7*a - 12*a + p = 0. What are the prime factors of a?
3
List the prime factors of (3/((-78)/27365))/(1/(-6)).
3, 5, 421
Let n(h) = h**2 - 10*h + 12. Let r be n(15). Suppose 2*c + r = k, 0 = 4*k - 2*k + 2*c - 180. What are the prime factors of k?
89
Suppose -6 = -5*z + 2*v, -6*z - 5*v - 15 = -z. Suppose z = -32*r - 4418 + 20130. What are the prime factors of r?
491
Let x = 676 - 263. Suppose 5*b - 2*c - 417 = 0, 0*c + x = 5*b + 2*c. List the prime factors of b.
83
Let r = 2860 - -7860. What are the prime factors of r?
2, 5, 67
Let v(b) = b**2 - 3*b - 4. Let j be v(-1). Suppose j = -5*r + 173 + 2152. List the prime factors of r.
3, 5, 31
Let c = -79 - -70. Let m(u) = -66*u - 25. What are the prime factors of m(c)?
569
Let r be 26310/4 + (99/(-22))/(-3). Suppose -12*p + 3*p + r = 0. What are the prime factors of p?
17, 43
Let s(n) = n**3 + 26*n**2 + 4*n - 78. Let k be s(-24). What are the prime factors of ((-185)/(-111))/(5/k)?
2, 163
Let m(f) = 11*f + 20*f - 8 - 73 + 11. What are the prime factors of m(8)?
2, 89
Let f be 3/(4 + (-45)/10). Let b(s) = s**2 + 1. Let g(p) = -10*p**2 + p - 15. Let q(i) = f*b(i) - g(i). List the prime factors of q(-4).
7, 11
Let f(n) be the third derivative of -49*n**4/24 + 175*n**3/6 + 102*n**2. What are the prime factors of f(-7)?
2, 7, 37
Suppose 8 = 2*l + 2*l. Let x = 5 - 5. Suppose 0 = l*w, -4*z - 3*w + 164 - 24 = x. List the prime factors of z.
5, 7
Let y(x) = x**3 + 10*x**2 + 22*x + 11. Let w be y(-5). List the prime factors of 118/59 - -12*w.
2, 157
Suppose -3*x = -2*s + 99317, -120*s + 123*s = x + 148958. List the prime factors of s.
7, 41, 173
Let c(y) = -475*y + 2711. What are the prime factors of c(-13)?
2, 3, 1481
Let p be 10/4 + (0 - (-3)/2). Suppose -3*g - 9 = p*l, 5*l + g + 3*g = -12. Suppose 2*u - 2*b - 76 = l, 2*b - 75 = -5*u + 136. List the prime factors of u.
41
Let w(c) = -38*c + 1530. List the prime factors of w(-29).
2, 7, 47
Let c = -4735 - -6836. List the prime factors of c.
11, 191
Suppose 106*d - 481936 = 168314 + 361838. What are the prime factors of d?
2, 7, 11, 31
Suppose 0 = -2*z - 20*i + 18*i + 3354, -z + 1681 = -3*i. Let b = z - 967. List the prime factors of b.
3, 79
Let p(k) = 86*k**2 - 33*k - 26. List the prime factors of p(11).
3, 7, 53
Let f(o) = o**3 + 5*o**2 + 4*o + 2. Let i be f(-3). List the prime factors of 15/((24/81)/i).
3, 5
Let a = 42 + -37. Let i be (-3)/(-1)*-19*(4 - a). Let k = i - -23. What are the prime factors of k?
2, 5
Suppose 0 = -b + 6*b + 3*d - 180692, -4*b + 144524 = -5*d. List the prime factors of b.
2, 4517
Let l(i) = -3*i**3 - 24*i**2 + 20*i - 141. List the prime factors of l(-15).
2, 3, 7, 17
Suppose h = -5*z - 11794, -h = -3*z - 2*z - 11796. Let p = z - -3576. List the prime factors of p.
1217
Let d = 512 + -264. Let x = 274 + d. List the prime factors of x.
2, 3, 29
Let v(x) = -x**3 - 3*x + 41. Let b(u) = -7*u. Suppose -5*o + q = 2, 4*o + 3*q - 10 = -2*q. Let a be b(o). What are the prime factors of v(a)?
41
Let a(t) = 28*t. Let o be a(-9). Let g = o + 169. List the prime factors of (g + 1)*(-7 - -6).
2, 41
Suppose 2*x + 3*x - 15 = -5*n, 4*n - x = -3. Suppose -2*q - 2 - 16 = n. Let z(c) = -c**2 - 12*c + 11. List the prime factors of z(q).
2, 19
Let a be 4 - (-4 + -63)*-1. Let z = a + 63. Suppose b - 3*r = 143 - 0, z = -4*b - 4*r + 636. List the prime factors of b.
5, 31
Let f(l) = 8*l - 7 + 8 + 14. Let u be (-12)/114 - 945/(-133). What are the prime factors of f(u)?
71
Let r = 29767 - -37315. List the prime factors of r.
2, 17, 1973
Let h be (54/21)/((-6)/(-28)). List the prime factors of ((-7312)/h)/(28/(-63)).
3, 457
Let g(u) = -2*u - 20. Let h be g(-13). What are the prime factors of (-2)/(-42)*h - (-369)/7?
53
Let j(i) = 23*i + 4. Let r be j(0). Suppose r*h - a - 3720 = 0, 2*a + 916 = h - 21. What are the prime factors of h?
929
Let f = -320 + 320. Suppose -30*d + 58*d - 4228 = f. What are the prime factors of d?
151
Suppose 3*w - 10901 = -d, 3*d + 59*w = 56*w + 32727. List the prime factors of d.
7, 1559
What are the prime factors of 54/(-7 - ((-1 - -7) + (-3941)/303))?
3, 101
Let x(r) = -r**3 + 3*r**2 - r + 4. Let q be x(-4). Suppose 7*p - q = -p. Suppose p*i = 14*i + 7. List the prime factors of i.
7
Suppose 5*p - 5*h - 50 = 0, -10*h + 14*h = 2*p - 30. Suppose 2*n - 3*n + 556 = -2*t, 2*n - 1148 = -p*t. What are the prime factors of n?
2, 3, 47
Suppose 34*p = 28*p - 27*p + 31845. List the prime factors of p.
5, 193
Suppose 3*n - 29615 = 10*b - 14*b, 4*b - 29630 = 2*n. List the prime factors of b.
2, 7, 23
Let w be (-1 - -114)/(12/60). Let v be 8 + (10 - 14) + -2 + 1. Suppose 0 = g + v*l - 89, -5*l + w = 4*g + 181. List the prime factors of g.
101
Let r be (-3156)/(-10) + 203/145. What are the prime factors of r/((-5 - -6) + 0)?
317
Let u = 9 + -4. Suppose 14 + 11 = 5*o + u*i, 5*o - 5*i - 5 = 0. Suppose -300 + 48 = -o*q. What are the prime factors of q?
2, 3, 7
Let o(f) = 31*f**3 - 4*f**2 + 8*f - 68. List the prime factors of o(5).
3, 1249
Let k = 4512 + -3035. Let x = k + -907. What are the prime factors of x?
2, 3, 5, 19
Suppose 31*z - 29*z - 58662 = 0. What are the prime factors of z?
3, 3259
Let u = -111 + 116. List the prime factors of 832*2 + (5 - u) + -2.
2, 3, 277
Let b be (-8)/60 + 13294/30. Let k = b - 309. List the prime factors of k.
2, 67
Let w(o) = -19*o**3 + 11*o**2 - 43*o - 6. Let i be w(7). List the prime factors of (39/65)/((-3)/i).
3, 419
Let a(x) = x**3 + 9*x**2 + 144*x - 20. List the prime factors of a(15).
2, 5, 13, 29
Suppose 4*f + u = 35 + 82, 0 = -f + 5*u + 45. Let p be (-80)/f*(-102)/(-8). Let o = 42 + p. What are the prime factors of o?
2
Let o(y) = 2*y**3 + 5*y**2 - 15*y - 90. List the prime factors of o(15).
2, 3, 5, 7
Let z(r) = -20*r - 41. Let f be z(-3). Suppose -f*i + 14099 = 4*i. List the prime factors of i.
613
Let u be ((-228)/8)/(6/(-20)). Let k = u - 92. List the prime factors of (-1802)/(-10) - k/15.
2, 3, 5
Let d = 8521 + -4376. What are the prime factors of d?
5, 829
Suppose 8*r + 16 = 6*r. Let z be ((-3)/((-30)/r))/((-20)/6200). Suppose z + 56 = 4*p. What are the prime factors of p?
2, 19
Suppose -18*o = -4*o. Suppose 5 = m + 2, -x + 4*m + 446 = o. What are the prime factors of x?
2, 229
Suppose w = w + 4*w. Suppose -2*c + 9 - 39 = w. List the prime factors of ((-116)/6)/(10/c).
29
Let a = -21 + 21. Suppose 12*w - 4*h = 15*w - 412, a = 4*w - 3*h - 516. List the prime factors of w.
2, 3, 11
What are the prime factors of (-46 + 0)/((-30)/225)?
3, 5, 23
Suppose 3*y + 2 + 3 = -2*t, 0 = 4*t - 3*y - 35. Let i = -158 + 370. Suppose -a - i = -t*a. List the prime factors of a.
53
Let p = 82 - 95. Let y = 36 - p. What are the prime factors of y?
7
Let i be (1 + 0)/(5396/(-1348) - -4). Let o = -200 - i. Let q = o + -49. List the prime factors of q.
2, 11
Let c = 211 - 12. Suppose 0 = -3*p - b + 153 + 38, -5*b = 3*p - c. What are the prime factors of 5355/p + (-4)/(2/1)?
83
Let t = 16086 - 987. What are the prime factors of t?
3, 7, 719
Let x = -10366 + 5921. Let d = -3081 - x. What are the prime factors of d?
2, 11, 31
Let m = 351 - 604. List the prime factors of -3 - (m + (5 - 11)).
2
Suppose 0 = 43*a - 861307 - 224185. What are the prime factors of a?
2, 6311
Suppose -89*u + 449139 = -265353. What are the prime factors of u?
2, 3, 223
Let t(k) = 7*k + 4. Let i = 47 + -43. Let l be 3/((-9)/i)*-3. List the prime factors of t(l).
2
Let x(l) = -l**2 - 45*l + 11. Let u be x(-25). Suppose 0 = 14*f + u - 1827. Let d = f + 89. List the prime factors of d.
3, 61
Let w be (15/(-6) + 3)/(4/64). Suppose -4*b + w*a - 3*a = 0, 2*b + 2*a = 18. Suppose -2*j = -3*t + 226, 0*t = -b*t + 3*j + 377. List the prime factors of t.
2, 19
Let k = -57 - -133. Suppose 10*v + 4 = 6*v. What are the prime factors of (2 + v)*-3 + k?
73
Let q be (-6)/4*(-2)/1. Suppose 94*n = -20*n - 164 - 64. What are the prime factors of -402*(n + q/2)?
3, 67
Let c = 5235 - 3597. Suppose -4*j = -3*r + c, -7*r + 6*r = 3*j - 533. Suppose -p - 3*p - 3*z + 1066 = 0, -2*p + 3*z = -r. List the prime factors of p.
2, 67
Let d be (10 - 9)/(7/6692). Suppose -d = -2*t + u, 2*t - 4*u = 5*t - 1445. What are the prime fact